 composite number?
False
Is (1*(-1)/1)/(13/(-91897)) a composite number?
False
Let j = 1 + -1. Let g be 955/5*(-14 + 13). Is (0 + j - 1)*g composite?
False
Let z(p) = -15*p + 10. Let b = -11 - -8. Is z(b) a prime number?
False
Let s(j) = -10*j - 8 + 52*j + 133*j. Is s(9) a composite number?
False
Suppose -6*x - 5720 + 17954 = 0. Is x prime?
True
Suppose 4*f - 3*f = s - 9, 4*s - f = 39. Let t(l) = 30*l + 29. Is t(s) a composite number?
True
Is 2924 - ((-24)/(-4) - 3) a composite number?
True
Suppose -9*z + 1140 + 201 = 0. Is z a composite number?
False
Let n(p) = -2*p**2 + 5*p - 5. Let c be n(3). Is 628 - (0 - 3 - c) a composite number?
True
Suppose 3*v - 2*r - 8172 = 0, -4*r + r - 9 = 0. Is v a prime number?
False
Let t = -4629 - -7694. Is t a prime number?
False
Suppose 42*v = 39*v - 2793. Let x = v + 1469. Is x composite?
True
Suppose 0 = 6*j - 9*j + 3*i + 3132, -5*i = -3*j + 3134. Is j composite?
True
Suppose 0*x = 4*x - 12. Suppose x*h = 5*p + 100, 3*h - h - 64 = 4*p. Let v = h - -87. Is v prime?
True
Let x(i) = 40*i**2 + 2*i - 2. Let u be x(1). Let f = u - -87. Is f prime?
True
Let q = -549 - -1276. Suppose y = -5*s - 2*y + 3653, q = s - 3*y. Suppose -2*p = 3*p - s. Is p prime?
False
Suppose 605 = -4*g + 9*g - 2*x, -x = 0. Is g a prime number?
False
Let b(z) = -2*z**3 + 4*z**2 + z + 1. Let h be b(3). Let t be 220/35 + 4/h. Is (-677)/(-7) - t/(-21) a prime number?
True
Let s(g) = -35*g - 4. Let v(c) = -c. Let f be v(9). Is s(f) a prime number?
True
Is 12/9*(-43332)/(-16) prime?
False
Is 3306/9*9/6 prime?
False
Suppose -3*l + v = -1045, -4*l + l + 3*v = -1053. Is l prime?
True
Let b(u) = 567*u**2 + 19*u + 69. Is b(-7) prime?
False
Suppose 11*b = -5*h + 7*b + 50, h + 3*b - 21 = 0. Suppose -2*y = 5*w + y - 8245, y = 2*w - 3309. Is (w/h)/(8/12) composite?
True
Let w(n) be the second derivative of -22*n**3/3 - 15*n**2/2 - 3*n. Is w(-7) a prime number?
True
Suppose -5*m + 16 = 4*u, 0 = -3*m + 4*u - 2*u + 14. Suppose -p = 4*d - 4920, 6*d - m*p - 3671 = 3*d. Is d a composite number?
False
Suppose -5*l + 7*l = -2*j + 2170, -3*j = 5*l - 5429. Is l a prime number?
True
Suppose l = -2*l + 9, -4*l = -4*g. Suppose g*h + 2*m + 733 = 4*h, 4*h + 3*m = 2965. Is h a composite number?
False
Let s(b) be the second derivative of b**5/20 - 5*b**4/4 + 3*b**3 - 3*b**2/2 + b. Let y = -736 + 750. Is s(y) a prime number?
True
Suppose -4*f - 2*q = -15 - 5, -4*f - 3*q = -18. Let t = 10 + -6. Is (-6)/t*(-2452)/f prime?
True
Suppose -12*y + 15036 = -0*y. Is y a prime number?
False
Let z = -17217 - -109432. Is z prime?
False
Let b = 12 - 13. Let x(u) = -205*u - 16*u + 0 + 1 - 133*u. Is x(b) a composite number?
True
Suppose 40418 = -58*d + 60*d. Is d composite?
True
Let h be (4/(-8))/((-2)/24). Suppose 8*q - 12 = h*q. Let o(i) = 11*i**2 + 6*i + 13. Is o(q) a prime number?
False
Let j(k) = 982*k**3 - 7*k**2 - 2*k + 43. Is j(4) prime?
False
Let v = -21616 - -38135. Is v composite?
False
Let i(g) = g. Let h(q) = -3*q - 10. Let r(z) = h(z) + 2*i(z). Let c be r(-14). Suppose -c*b = 4*f - 140, 5*f + 63 - 10 = b. Is b prime?
False
Let z = 15 + -9. Suppose z*f + f = 805. Is f prime?
False
Suppose -5*x - 10 = -10*x. Is (-27996)/(-8)*x/3 composite?
False
Let l(d) = -d**3 - 5*d**2 + 24*d - 31. Is l(-21) a prime number?
True
Let k(r) = -r**2 + 7*r + 34. Let g be k(10). Is -1 + 3/g + (-152841)/(-52) prime?
True
Let t(m) = -10*m + 145 + m**2 - 186 - 4*m. Is t(18) a composite number?
False
Let a(x) = 21 + x**2 - 24*x + 10*x - 5. Is a(15) a prime number?
True
Let m(b) = 36*b**2 - b. Let q = 1 - 1. Suppose -2*s + 4*s = 3*k + 8, q = -3*k + 3*s - 9. Is m(k) a prime number?
False
Let x(l) = l**3 - l**2 + l + 1. Let o(r) = 11*r**3 - 5*r**2 - 3*r - 10. Let u(n) = o(n) + 3*x(n). Is u(6) composite?
False
Let i be (-1644)/(-21) - 4/14. Let a(x) = 49*x + 206. Let g be a(-5). Let u = g + i. Is u prime?
False
Let s(z) = 18*z**2 + 6*z + 27. Let v be s(14). Let h = v - 2246. Is h prime?
False
Suppose 0 = -3*c - 420 - 228. Let i = c + 942. Let n = i + -515. Is n a prime number?
True
Let k be (-51)/(-21) + 27/(-63). Suppose -t + 1345 = 2*g + 158, -k*t - 5*g = -2373. Is t prime?
False
Suppose 4 = 4*g - 2*g. Is -1*(-336 + -5 + g) a composite number?
True
Suppose 2*q - 2*t = -15 - 79, 5*q - 3*t = -231. Let r = q - -712. Is r a prime number?
False
Let c(x) = x**2 + x + 14513. Is c(0) prime?
False
Let h(z) = -z**2 - 4*z + 5. Let d be h(-5). Suppose d*j + 3*j = -54. Is j/(-99) + 405/11 a prime number?
True
Let s(z) = 816*z + 49. Is s(10) composite?
False
Let s(j) = -776*j - 7. Is s(-5) composite?
True
Let n(a) = a**3 - 18*a**2 + 19*a - 8. Let f be n(17). Let z be 10/65 - 784/f. Is (-20)/z - 709/(-3) a prime number?
False
Is -1*(8/(-2) + 6 - 2208) prime?
False
Let l(k) = k**2 - 15*k + 15. Let g be l(14). Is 4/g + 446 + -4 composite?
True
Suppose 20*r = 51*r - 41633. Is r prime?
False
Suppose 3*y - 8*y + 7125 = 0. Let j be 3*4*(-3)/(-9). Suppose -2*k = -5*i + y, 2*i - 1415 = -3*i + j*k. Is i composite?
True
Let s = -8164 - -14943. Is s a composite number?
False
Let l = -12069 - -29906. Is l a composite number?
False
Suppose -2*p + 10 = 3*t, 2*p - 1 - 9 = 0. Suppose 2*m - 5*m = t. Suppose 4*j = -m*j + 1340. Is j composite?
True
Let d = 20 + -1. Is (-156665)/(-95) + (-2)/d a prime number?
False
Let p(z) = 3*z - 20. Let b be p(11). Suppose -18*q + 3265 = -b*q. Is q a composite number?
False
Let v = 13240 + -8603. Is v composite?
False
Suppose 0 = 4*u + 1025 + 15939. Let c = u + 9268. Is c a prime number?
False
Suppose -8*z + 25 = -3*z. Let x(v) = -3*v**3 + z*v**3 + 7 + 2*v - 7*v - 5*v - 10*v**2. Is x(6) a composite number?
False
Let o = -5 + 13. Let p be (28/(-12) + 3)*(-4 + 10). Is -2*((-236)/o + p) a prime number?
False
Is -13 - (-180)/(-5)*-487 a prime number?
True
Suppose 29479 = 8*h - 11425. Is h prime?
True
Let z(s) = 471*s**2 + 6*s + 29. Is z(-4) a prime number?
True
Let o(h) = 5*h**2 - h + 1. Suppose 0 = 5*p + 44 - 19. Is o(p) a prime number?
True
Suppose 8*h = 2126 + 4890. Is h prime?
True
Let c(h) = -1179*h**3 - 3*h**2 - 21*h - 13. Is c(-4) a prime number?
True
Suppose 0 = -63*o + 64*o - 537. Is o composite?
True
Let r(i) = 5*i**3 + 18*i**2 - 5*i + 5. Let z = 4 + -8. Let a(f) = 6*f**3 + 19*f**2 - 4*f + 6. Let j(g) = z*a(g) + 5*r(g). Is j(-12) a composite number?
False
Let r be (54/12 - (3 + 1))*25738. Suppose 3*f - z = 19300, -3*z = 2*f - 6*z - r. Is f a composite number?
True
Let t(a) = -934*a + 570. Is t(-8) a composite number?
True
Let q = 26794 - 13005. Is q a prime number?
True
Let w = -15 - -19. Let r be w/2 - (2 - 422). Is (r/(-6))/((-2)/6) a prime number?
True
Let r = 4928 + -2143. Is r a composite number?
True
Let i(r) be the second derivative of -r**4/12 + 11*r**3/3 - 2*r**2 + 9*r. Let x(o) be the first derivative of i(o). Is x(-12) a prime number?
False
Let l(f) = f**3 + 3*f**2 - 3*f - 3. Let n be 56/21*3/(-2). Let m be l(n). Is ((-6)/(-15))/(m/(-245)) a prime number?
False
Let u be 4 + (3 - 4) - 140. Let j = u - -390. Let f = j - 179. Is f a composite number?
True
Suppose 3*k - 12 = k. Suppose -k*t = 2*t - 5384. Is t prime?
True
Suppose 1499873 = 18*z + 13*z. Is z a prime number?
True
Let g(u) = -41*u - 4. Let f be g(-7). Let v = f - 84. Is v prime?
True
Let y(t) = 31*t**2 + t - 11. Let n be 1/2 + 1/(-2) + 5. Is y(n) a prime number?
True
Suppose -2*x - 13 = 1. Is (x/(-28))/((-2)/(-7016)) composite?
False
Let u(i) = 45*i - 6. Let y be 24/4*2/4. Is u(y) composite?
True
Let m(q) = 8*q**3 + 3*q**3 - 2*q - 3*q**2 - 2 + q**2 + q. Let u be m(2). Suppose 3*o - o = u. Is o prime?
False
Let y(t) = 3*t + 86. Let r be y(-28). Suppose -3265 = -a - p, r*a = p + 2*p + 6520. Is a a composite number?
True
Let i(b) = b**3 - 48*b**2 - 5*b + 19. Is i(53) a prime number?
True
Let h(v) = 200*v + 39. Let o = 0 + 8. Is h(o) a prime number?
False
Suppose -3*f + 426 = -279. Suppose 2*u - 11 - f = 0. Is u prime?
False
Suppose -2*g - 2 = -3*k + 10, -k = -4. Suppose 4*y - 8*y - 176 = -4*m, -m + 5*y + 60 = g. Suppose -3*o + m = p, 3*p - 5*p + 3*o = -98. Is p composite?
True
Let h = -627 - -892. Let w = -62 + h. Is w a composite number?
True
Let a(q) = 15*q**3 + 27*q**2 - 3*q - 3. Let i(h) = 7*h**3 + 13*h**2 - h - 2. Suppose 5*b + 0 = 30. Let t(f) = b*a(f) - 13*i(f). Is t(-9) a prime number?
False
Let t(p) = -p - 1. Le